e
Suppose 17*x - 18*x + 83511 = -4*n, -2*x + 4*n + 167030 = 0. Is x a prime number?
False
Suppose -3*t - n + 292073 = 18133, t - 91310 = 3*n. Is t prime?
False
Suppose -5*z = 4*a - 799761, -5*a - 2*z = -4*a - 199935. Is a prime?
False
Suppose -f - 12478 = -3*s, -5*f + 9*s - 6*s - 62390 = 0. Let w = f - -22245. Is w composite?
False
Suppose 3*s = -3*c + 116213 + 789169, -c + 603593 = 2*s. Is s a prime number?
False
Let b(a) = 6*a**2 - 34*a + 373. Is b(19) composite?
True
Let y(q) = -150*q**3 + 8*q**2 + 23*q - 4. Is y(-3) a composite number?
False
Let b = -763 - -397. Suppose -6*r = -17*r + 33. Is b/((-1)/(r/6)) prime?
False
Let x(c) = c**2 - c - 12. Let s be x(4). Suppose -b = -4*q + 8226, b - 2*b - 2 = s. Suppose a - 3*n - 800 = 0, 0 = -4*a - 5*n + q + 1093. Is a composite?
True
Suppose 20651545 - 2472321 = 56*w. Is w composite?
True
Let q(s) = 652*s**3 - 23*s + 6. Is q(7) a prime number?
True
Suppose 5*k = -m - 3, -43*m + 35 = -38*m. Let o(r) = -2*r + 0 + 12*r**2 - 1 - r. Is o(k) prime?
True
Let u = 65 - 55. Suppose -u*t = -0*t - 110130. Is t a composite number?
True
Let n be (24/30)/(4/(-50)). Let a(k) = -206 + k**2 + 3*k + 225 + 0*k**2. Is a(n) composite?
False
Let y be (-4 + 2)*-1 - 2 - -4. Suppose -y*m + 10*m = 0. Suppose -4*g + 84 + 56 = m. Is g a prime number?
False
Is (6/(-36)*-29846)/((-3)/72*-4) a prime number?
False
Let n(w) = 2*w**2 - 9*w + 7. Let i be n(4). Suppose -s + 5*s - 2*q - 36126 = 0, -i*q = 3. Is s prime?
False
Suppose -r - 4*l = -5*r - 4, 5*l - 13 = -3*r. Suppose -5*k - 5*q = -17610, r = -q + 2. Is k composite?
True
Suppose -119*b = -4416179 - 1973288. Is b composite?
False
Suppose 5*o = -3*a - 21, o - 1 + 10 = -3*a. Let t be (o/2 - -2)/(4/141880). Suppose 0 = 20*n - 25*n + t. Is n composite?
False
Let a(q) = 1139*q**2 - 292*q - 4923. Is a(-20) a prime number?
True
Suppose 0 = -15*t + 398500 + 23945. Is t composite?
False
Suppose 2*m - 1798464 = -c, 5*m - 4*c - 5173383 = -677262. Is m a composite number?
True
Is 4 + -8 - ((-252652)/20 - 2/5) a prime number?
False
Suppose 3411 = 4*n - 3177. Suppose 15*o + n = 14952. Is o a composite number?
False
Let b = 77868 + -35558. Suppose -5*k = -3*o + 8*o - b, -5*o + 42345 = -2*k. Is o composite?
False
Let q be 3*-263*4/(-3). Suppose -7*m + 1019 - 998 = 0. Suppose 43 + q = m*f. Is f a prime number?
False
Suppose 25*d - 2167200 = 1497075. Is d a prime number?
False
Let y(j) = 5. Let v(w) = -w + 10. Let g(r) = 4*v(r) - 9*y(r). Let s be g(-2). Suppose -5*u + s*u = -1126. Is u a composite number?
False
Let y(u) = -3*u - 28. Let d be y(-6). Let b(h) = 26*h**2 + 2 - 3*h**2 + 1 - 9*h. Is b(d) composite?
False
Suppose 0*m + 5*m - 5*u + 30 = 0, -5*m = u. Suppose -144*r - 242 + 98 = 0. Is 410 - (r + m - (-13 - -8)) composite?
True
Let b(n) = n**2 + n - 8. Let d be b(-3). Let j be (-5)/(-20)*-10*d*1. Let f(k) = 65*k**2 + 2*k + 16. Is f(j) a composite number?
True
Suppose -549 = -6*q - 603. Let w(g) = 13*g**2 - 2*g + 2. Is w(q) a composite number?
True
Suppose -5*w = c - 13, 4*w + 4 = 5*c - 3. Let p = -3 + c. Suppose 3*o = -o + 5*i + 3503, 5*i - 5 = p. Is o a prime number?
True
Suppose r + 4 = 5*r + 3*z, 2*r + 4*z - 12 = 0. Let x(n) = -8*n**3 - n. Let c be x(r). Is -1 + 0 + (-4 - c*-37) a prime number?
True
Let k(i) = i**3 - 10*i**2 - 9*i - 18. Let f be k(11). Suppose -4 = 4*x + f. Is x/(-4) + (-10565)/(-10) composite?
True
Is 4/44 - 2527280/(-154) a composite number?
False
Is (9/(-6))/((-39)/(-10074532)*-2) a composite number?
False
Let j be (442190/(-6))/(-5) + (-10)/15. Suppose 6*u = 3*u + j. Suppose 2*t + n = -2*t + u, -6136 = -5*t - 3*n. Is t a prime number?
True
Let y be -3 - ((-3)/9 + (-82672)/(-12)). Let f = -1763 - y. Is f composite?
True
Suppose -4*s = 5*p + 206 + 1647, 3*s + 6 = 0. Let n = -206 - p. Is n prime?
True
Let d = 211879 - 112182. Is d prime?
False
Suppose 0 = 4*j + 4*y - 24, 3*y - 16 = -2*j - 0*y. Suppose 6*g - 206 - 10 = 0. Suppose 109 = q + j*v, -58 = -q - 5*v + g. Is q prime?
False
Let u = 36152 + -21337. Let w = u + -9146. Is w a composite number?
False
Let x(a) = -7963*a + 3992. Is x(-33) a composite number?
True
Let k(n) = n**2 + 4*n - 1. Suppose 3 = x + 2*x, -4*x = -3*i + 122. Let t be (0 + 6)*112/i. Is k(t) prime?
False
Is (-20 - -25314) + ((-18)/(-3) - 3) composite?
True
Suppose -3*f - 3*s + 2*s + 15 = 0, -3*f - 2*s + 12 = 0. Is (5 - (96295/(-5) + f)) + -5 prime?
False
Let u(m) = 4044*m**2 - 4*m - 37. Is u(6) a composite number?
True
Let d = 12718 - 10512. Is d prime?
False
Let f(x) = 3*x**3 - x**2 + 1. Suppose 0 = -s - 2*s + 3. Let w be f(s). Suppose 0*g - 4336 = -2*g - w*v, 2159 = g - 3*v. Is g a composite number?
True
Suppose 21338 + 17926 = 24*m. Let t = m - 365. Is t a composite number?
True
Let r(b) = 2501*b - 299. Is r(2) composite?
False
Let o = -509 + 509. Suppose o*h = -14*h + 33866. Is h composite?
True
Let y be (-853 - -1) + 0 - 14/7. Let k = y - -1446. Suppose -k + 146 = -2*q. Is q prime?
True
Let t(h) = -h**3 + 30*h**2 - 16*h + 28. Let y(g) = g**2 + 12*g + 51. Let u be y(-6). Is t(u) prime?
True
Let q(z) = z**2 + 5*z - 7. Let t be q(-6). Let f be (12 + 89)/(t/7). Let l = f + 1378. Is l prime?
False
Suppose -7375*i + 7359*i + 1971296 = 0. Is i prime?
False
Let v = -26248 - -152375. Is v prime?
True
Let s(v) = 21*v - 338. Let k be s(14). Let u = k + 1201. Is u prime?
False
Let w be 1/3*(-8 - -8). Let f be (-12)/16*1*-4. Suppose -4*t + f*z + z + 2188 = w, -4*t - 4*z = -2220. Is t a composite number?
True
Suppose 0 = -133*b + 97902481 - 30752510. Is b a composite number?
True
Let t = 86966 - 22669. Is t prime?
False
Let s = 60696 + -41813. Is s a prime number?
False
Suppose -27*a = -26*a - 20. Suppose -r + 5 + 11 = -5*m, 0 = 5*r - 5*m - a. Is (r - -1195) + -3 + 2 prime?
False
Let b(k) = k**3 - 14*k**2 + 38*k - 36. Let t be b(-30). Let w = t - -59933. Is w a composite number?
False
Let w be 6/15 - 12402/(-45). Suppose -5*z + 989 = -w. Is z a composite number?
True
Let a = 38 - 52. Is (-6990)/a + 6/(-21) a prime number?
True
Is 33128/1 + 318/106 a prime number?
False
Let a = -2207 + 1503. Let b = a - -3373. Is b composite?
True
Let j = 181951 - -175522. Is j a prime number?
True
Suppose -5*i + 187 = 6*i. Is i/34 - (-1 - 7291/2) a prime number?
False
Let g = 47 + -1. Let v be (-3 - g/(-14)) + 15725/(-35). Let r = 860 + v. Is r composite?
True
Let a be 2392/208 + (-1)/4*-2. Let l(i) = 3*i**3 - 8*i**2 - 22*i + 19. Is l(a) a composite number?
True
Suppose 4*t - 18 + 2 = 0. Suppose -4*w + 204 = -t*n, 4*n + 8*w + 240 = 3*w. Is 6/3 + 6*n/(-2) prime?
True
Suppose z = 4*y - 8*y - 4656, -4*y - 13960 = 3*z. Let w = z - -11391. Is w a composite number?
True
Suppose 0 = -4*j + 6*j. Suppose y + 5*o - 6059 = j, -6*o - 4 = -8*o. Is y prime?
False
Let a(k) = -37*k**2 - 30*k + 8. Let j be a(9). Let i = -1896 - j. Is i prime?
False
Suppose -1230*t + 1257*t = 14909211. Is t a prime number?
True
Let u(y) = -4*y + y + 5*y**2 + 5*y**3 - 8*y**3 + 17. Let o be u(-5). Suppose -9 = -3*j, -j + 147 = -4*m + o. Is m prime?
True
Let u(d) = -d**3 + 12*d**2 - 7*d + 30. Suppose -4*m - 3*v = -52, 6*m - 38 = m + 3*v. Let w be u(m). Let a = 553 + w. Is a a composite number?
True
Let n = -6 + 6. Suppose n = -43*w + 46*w - 1167. Is w prime?
True
Let b(j) = j**2 + 2*j + 4. Let w be b(-2). Suppose 0 = w*x + 3*k + 12, -4*x + 4*k + 0*k + 16 = 0. Suppose -11*h + 12*h - 291 = x. Is h a composite number?
True
Let a(f) = 10*f - 6. Let i be a(1). Suppose i = -3*g + 10. Suppose 2*v + 4*z = v + 651, g*v = z + 1347. Is v prime?
False
Let a(k) = k**3 - 2*k**2 - 5*k + 17543. Is a(0) composite?
True
Suppose -30*a - 44575 = -31*a + 41842. Is a prime?
False
Suppose 19*s = -25*s + 4979788. Is s composite?
False
Suppose 0 = -26*q + 22*q - 4*l + 850756, -2*q - 5*l = -425378. Is q a composite number?
True
Let r(u) = 10664*u**2 - 83*u + 545. Is r(6) composite?
False
Let i(b) = 4*b - 313*b**3 + 5 - 48*b**3 - b**2 - 262*b**3 + 132*b**3. Is i(-1) prime?
True
Suppose 172*r - 40044 = 167*r - h, 2*r - 16017 = -h. Is r composite?
False
Suppose -s + 19069 - 4494 = 0. Suppose 0 = -3*o - 0*o - 3, -3*o = 2*v - s. Is v a composite number?
True
Suppose -5*z - 20 + 15 = 0, 0 = -4*y - 4*z + 268840. Is y composite?
False
Let m = -144034 + 231117. Is m a prime number?
True
Let n(y) = 8*y - 2*y**3 - 84*y**2 + 75*y**2 - 13 + 73*